he prime factors of y?
59
Suppose j - 28*f - 4184 = -24*f, -4*f = 2*j - 8368. List the prime factors of j.
2, 523
Let p(a) = 3*a**2 + 5*a - 2. Let u(k) = -2*k - 8. Let d(t) = -t - 4. Let r(v) = 13*d(v) - 6*u(v). Let j be r(0). List the prime factors of p(j).
2, 13
Suppose -n + 0*b + 2*b + 626 = 0, 3*n - 1884 = 3*b. What are the prime factors of n?
2, 3, 5, 7
Suppose -14*j + 17*j - 1776 = 0. Suppose 226 = 2*r + 4*c, 2*c = 4*r - j + 100. List the prime factors of r.
11
Suppose 3*q - 5 - 3 = 4*j, -6 = 3*q + 3*j. Let o = -66 - -46. What are the prime factors of (q - -4)/((-8)/o)?
2, 5
What are the prime factors of 8/((-88)/(-19745)) - (1 + -5)?
7, 257
Let i = -73 - -72. List the prime factors of 760/4 - (i + 1).
2, 5, 19
Let w(d) = -2*d + 4. Let z(f) = -f + 2. Let x(g) = -6*w(g) + 11*z(g). Let l be x(-4). Let m(j) = j + 10. List the prime factors of m(l).
2
Suppose -341*a = -339*a - 300. List the prime factors of a.
2, 3, 5
Let m = 7062 + -3638. What are the prime factors of m?
2, 107
Suppose c - 2 = 85. Let a = 139 - c. List the prime factors of a.
2, 13
Let k(a) = -8*a**2 + 25*a**2 + 2*a + 3 + 9*a**2 - 4. List the prime factors of k(-2).
3, 11
Let s(n) = -n - 25. Let k be s(-17). Let i be (-2)/(-4) + k/16. Suppose -5*b - 3*x + 25 = -110, i = -2*x. What are the prime factors of b?
3
Let h = -13 + 20. Suppose -80 = -h*b - b. List the prime factors of b.
2, 5
Suppose 107*m + 8216 = 120*m. List the prime factors of m.
2, 79
List the prime factors of (-3202576)/(-2595) - (-1 - (-17)/15).
2, 617
Let d = -373 + 895. List the prime factors of d.
2, 3, 29
Let q(d) = 98*d**2 - 197*d**2 + 100*d**2. Let n be (-14)/(2*-1)*-1. List the prime factors of q(n).
7
Suppose 0*p = 2*j + 5*p - 19, -2*j + 3*p = 5. Suppose j*z = 4*z - 240. List the prime factors of (-1)/(3 - z/39).
13
Let o(x) = x - 7. Let f be o(16). Suppose f = 4*m + 3*p, 7*p - 2*p = -5. Suppose 0*q + m*q - 159 = 0. List the prime factors of q.
53
Let n(q) = 9 + 6 - 11 + 4 - 20*q. List the prime factors of n(-2).
2, 3
Let d = 1998 + -1046. What are the prime factors of d?
2, 7, 17
List the prime factors of 1*-1*44720/(-86).
2, 5, 13
Suppose 1023 = -3*o + 3*t, 3*o + 749 + 280 = -3*t. Suppose 57 = -3*n + 3*b, -58 = 5*n + 3*b - 3. List the prime factors of o/n - (-3)/(-7).
2, 3
Suppose 0 = 3*s - 49 + 79. Let t = -15 + 20. List the prime factors of (-506)/s - (-2)/t.
3, 17
Let u(j) = j**3 - 2*j**2 - 3*j + 2. Let f be u(3). Suppose -19 = -11*d + 3. Suppose m = f*w - m - 132, -64 = -w + d*m. What are the prime factors of w?
2, 17
Let f = 30 + 2. Suppose -4*o + 4 = f. What are the prime factors of 13*-1*7/o?
13
Suppose l + 0 = 1. Let v(w) = w + 1. Let d(i) = -10. Let u(f) = l*v(f) - d(f). What are the prime factors of u(12)?
23
Let d = 321 + 25. What are the prime factors of d?
2, 173
Let r be 48/18 - (-6)/(-9). Suppose 2*p - 2*j = -r*p + 398, 5*p + 4*j = 530. What are the prime factors of p?
2, 3, 17
Let r(a) = 2*a + 15. Let b be r(-10). Let v be 8 + b + 1 + -14. Let g = v + 34. What are the prime factors of g?
2, 3
Suppose -3*o - 329 = -10*o. Suppose 25 = 2*t - o. What are the prime factors of t?
2, 3
What are the prime factors of (-1452)/(-30)*(485/10 + -1)?
11, 19
Let l(c) = 18*c**2 - 37*c + 11. What are the prime factors of l(-6)?
881
Suppose -50470 = -55*h + 22295. List the prime factors of h.
3, 7
Let d(i) = -i**2 + 5*i - 2. Let u be d(4). Suppose 2*x - u*w + 3*w - 277 = 0, -4*w = -20. List the prime factors of x.
2, 17
Let z(y) = 9*y - 47. Let w be (-1)/((1/(-13))/(-2 - -3)). What are the prime factors of z(w)?
2, 5, 7
Let y = 12 - 15. List the prime factors of 3*(y - (-20)/6) + 54.
5, 11
Let k(p) = 2*p**2 + 2. Let d be (-15)/20 - 9/4. Let q be k(d). List the prime factors of 128/q - 2/5.
2, 3
Suppose -19 = -4*r - 47. Let q = -4 - r. List the prime factors of q - (-8 - (3 + -5)).
3
Suppose 6*l = 7 + 17. Suppose 0 = -l*a - m + 922, 9*a - 2*m = 6*a + 686. What are the prime factors of a?
2, 5, 23
List the prime factors of 2931/7 + (-2)/(-7).
419
Let p(u) = 16*u - 189. Let w be p(22). Suppose 0 = -6*d + 2*d. Suppose -f + 0*f + 4 = d, 3*f = 5*q - w. What are the prime factors of q?
5, 7
Let s(n) = 319*n**2 + 3*n - 17. What are the prime factors of s(3)?
7, 409
Suppose -12*f - 8 + 32 = 0. Suppose 2*a = 6*g - g + 260, 5*a + f*g = 708. List the prime factors of a.
2, 5, 7
Let f = 9322 - 4429. List the prime factors of f.
3, 7, 233
Let c(q) = -q - 7. Let d be 0 + (-8)/(-12)*-15. Let k be c(d). Suppose k*z = 2*z + 46. What are the prime factors of z?
2, 23
Let k be (81/(-12) - -3)*4. Let a(t) = -11*t - 1. Let n be a(2). Let b = k - n. What are the prime factors of b?
2
Let q(p) = -p**3 + 48*p**2 + 83*p - 252. List the prime factors of q(48).
2, 3, 311
Suppose 4*q = -75*q + 241898. What are the prime factors of q?
2, 1531
Let x(p) = 2*p - 16. Let m = -1 - -12. Let i be x(m). Suppose j - i = -0*j. What are the prime factors of j?
2, 3
What are the prime factors of ((-973)/(-2) + 0)/(6/12)?
7, 139
Suppose 3*v = -4*f + 8553, -5*f = 3*v - 6*f - 8568. List the prime factors of v.
5, 571
Let r = 12 + -7. Suppose -5*a - 5 = 0, 4*a - 14 = h - 61. What are the prime factors of h - (-3 - (0 - r))?
41
Suppose -2*m + 4*m + 5*s = 104, -m + 52 = -5*s. What are the prime factors of m?
2, 13
Let r(h) = h**3 + 34*h**2 - 7*h + 84. List the prime factors of r(-34).
2, 7, 23
Suppose 4*r + 2*k - 2976 = 0, 3*r + 0*r + k - 2232 = 0. What are the prime factors of r?
2, 3, 31
Let p be (-14)/3 - 1/3. Let s be ((-6)/p)/((-2)/20). Let y = s - -32. List the prime factors of y.
2, 5
Suppose -250 = -4*j + 5*a + 175, 2*a = 2*j - 212. Suppose -5*k + 670 = -2*s, 2*s - 149 = -2*k + j. What are the prime factors of k?
2, 3, 11
Suppose 4*q = -5*u + 487, u - 55 - 50 = 3*q. Let l = u + -84. List the prime factors of l.
3, 5
Let y(t) = -t**3 + 3*t**2 + 6*t - 5. Let a be y(4). Suppose g - 3 = 3*g - 5*l, a*l = -4*g + 7. What are the prime factors of (-3)/(12/(-20))*g?
5
Let t = -67 + 70. Let z(o) = 4*o**2 - 1. What are the prime factors of z(t)?
5, 7
Let y(c) = 38*c + 3. Let j(m) = 113*m + 9. Let g(a) = 6*j(a) - 17*y(a). List the prime factors of g(4).
131
Suppose 0 = 25*v - 7342 - 6483. What are the prime factors of v?
7, 79
Suppose -2*p + 5 = t, -3*p + 45 = p - 5*t. Let l(q) = -q**2 + 7*q - 1. Let w be l(p). Suppose 0 = -o - w + 35. What are the prime factors of o?
2, 13
Let s(j) = 18*j - 13. List the prime factors of s(12).
7, 29
Let f(t) = 211*t**2 - 5*t + 6. List the prime factors of f(2).
2, 3, 5, 7
Suppose -4*c = 11 + 1. Let k be (c - -3) + 15/(-3). Let o = k - -35. What are the prime factors of o?
2, 3, 5
Let h(j) = 29*j**3 - 4*j**2 + 6*j - 1. Let g be h(3). Suppose -3*x = 2*d - 448, -4*x + d = x - g. List the prime factors of x.
2, 19
Let y be (-4)/(-2 + 0) - 14. Suppose 0 = -3*b - 3*b + 528. List the prime factors of (b/y)/((-6)/27).
3, 11
Suppose x - 1132 = -4*j, x - 3*x - 838 = -3*j. List the prime factors of 3*(j/9 + -2).
2, 11
Suppose 4*x = g + 5, -6 = -g - 4*x + 5. Suppose -3*b + 0*i = i - 440, 450 = g*b + 3*i. List the prime factors of b.
5, 29
Let n = 567 + 212. Suppose -13*p - 155 = -n. List the prime factors of p.
2, 3
Suppose 3*v = -0*z + 2*z + 11, 4*z + v - 13 = 0. What are the prime factors of (z - 200/(-4))*2/2?
2, 13
Let t(l) = l + 9. Let h be t(6). Let i be 2820/18*18/h. Suppose c = 5*c - i. List the prime factors of c.
47
Let z(u) = u - 101. Let s be z(0). Let t = s - -154. What are the prime factors of t?
53
Let k(a) be the first derivative of 13*a**2/2 - a + 14. Suppose -2*z + z + 5*d + 7 = 0, -3 = 3*d. List the prime factors of k(z).
5
Let g(a) = 67*a**3 + 2*a**2 - 1. Let u(l) = -l**3 - 6*l**2 - 5*l + 1. Let m be u(-5). List the prime factors of g(m).
2, 17
Suppose -5*j + 196 + 14 = 0. Suppose 0 = -2*d - 0*d - 4*u + 28, -3*d = 5*u - j. Suppose -5*y + 31 = -d. What are the prime factors of y?
3
What are the prime factors of (-3881)/(-7) - (-2)/(28/(-6))?
2, 277
Suppose -35510 = -82*g + 32140. What are the prime factors of g?
3, 5, 11
Let t(w) = w**2 - 8*w + 6. Suppose -10*d + 8*d = -10. Let n be t(d). Let b = n - -15. List the prime factors of b.
2, 3
Suppose -f = 3, -5*f = -6*x + 7*x + 11. Suppose x*j = z + 288 + 144, -j + 105 = -z. What are the prime factors of j?
109
Suppose -6*b = -8*b + 3610. List the prime facto